{"id":627,"date":"2019-06-03T13:15:37","date_gmt":"2019-06-03T16:15:37","guid":{"rendered":"http:\/\/www.cafecomcristo.com.br\/site\/?page_id=627"},"modified":"2019-06-04T09:59:12","modified_gmt":"2019-06-04T12:59:12","slug":"comunidadeterapeutica","status":"publish","type":"page","link":"https:\/\/www.cafecomcristo.com.br\/site\/comunidadeterapeutica\/","title":{"rendered":"Comunidade Terap\u00eautica"},"content":{"rendered":"\t\t<div data-elementor-type=\"wp-post\" data-elementor-id=\"627\" class=\"elementor elementor-627 elementor-bc-flex-widget\" data-elementor-settings=\"[]\">\n\t\t\t\t\t\t<div class=\"elementor-inner\">\n\t\t\t\t\t\t\t<div class=\"elementor-section-wrap\">\n\t\t\t\t\t\t\t<section class=\"elementor-section elementor-top-section elementor-element elementor-element-66d89827 elementor-section-height-min-height elementor-section-boxed elementor-section-height-default elementor-section-items-middle\" data-id=\"66d89827\" data-element_type=\"section\" data-settings=\"{&quot;background_background&quot;:&quot;classic&quot;}\">\n\t\t\t\t\t\t<div class=\"elementor-container elementor-column-gap-default\">\n\t\t\t\t\t\t\t<div class=\"elementor-row\">\n\t\t\t\t\t<div class=\"elementor-column elementor-col-33 elementor-top-column elementor-element elementor-element-5a7d0ad0\" data-id=\"5a7d0ad0\" data-element_type=\"column\">\n\t\t\t<div class=\"elementor-column-wrap elementor-element-populated\">\n\t\t\t\t\t\t\t<div class=\"elementor-widget-wrap\">\n\t\t\t\t\t\t<div class=\"elementor-element elementor-element-6227f3c2 elementor-widget elementor-widget-image\" data-id=\"6227f3c2\" data-element_type=\"widget\" data-widget_type=\"image.default\">\n\t\t\t\t<div class=\"elementor-widget-container\">\n\t\t\t\t\t<div class=\"elementor-image\">\n\t\t\t\t\t\t\t\t\t\t<img width=\"331\" height=\"137\" src=\"https:\/\/www.cafecomcristo.com.br\/site\/wp-content\/uploads\/2017\/08\/logo-cafecomcristo-site-1.jpg\" class=\"attachment-large size-large\" alt=\"\" loading=\"lazy\" srcset=\"https:\/\/www.cafecomcristo.com.br\/site\/wp-content\/uploads\/2017\/08\/logo-cafecomcristo-site-1.jpg 331w, https:\/\/www.cafecomcristo.com.br\/site\/wp-content\/uploads\/2017\/08\/logo-cafecomcristo-site-1-300x124.jpg 300w\" sizes=\"(max-width: 331px) 100vw, 331px\" \/>\t\t\t\t\t\t\t\t\t\t\t<\/div>\n\t\t\t\t<\/div>\n\t\t\t\t<\/div>\n\t\t\t\t\t\t<\/div>\n\t\t\t\t\t<\/div>\n\t\t<\/div>\n\t\t\t\t<div class=\"elementor-column elementor-col-33 elementor-top-column elementor-element elementor-element-2a81fc0a\" data-id=\"2a81fc0a\" data-element_type=\"column\">\n\t\t\t<div class=\"elementor-column-wrap elementor-element-populated\">\n\t\t\t\t\t\t\t<div class=\"elementor-widget-wrap\">\n\t\t\t\t\t\t<div class=\"elementor-element elementor-element-505b89e0 elementor-widget elementor-widget-heading\" data-id=\"505b89e0\" data-element_type=\"widget\" data-widget_type=\"heading.default\">\n\t\t\t\t<div class=\"elementor-widget-container\">\n\t\t\t<h2 class=\"elementor-heading-title elementor-size-default\">Comunidade Terap\u00eautica<\/h2>\t\t<\/div>\n\t\t\t\t<\/div>\n\t\t\t\t<div class=\"elementor-element elementor-element-68e7e68 elementor-widget elementor-widget-heading\" data-id=\"68e7e68\" data-element_type=\"widget\" data-widget_type=\"heading.default\">\n\t\t\t\t<div class=\"elementor-widget-container\">\n\t\t\t<h4 class=\"elementor-heading-title elementor-size-default\"><i class=\"fa fa-phone\"><\/i>  (62) 3588-7111 \/ (62) 99154-4349 <i class=\"fa fa-whatsapp\"><\/i> Claro \/ (62) 98597-8757 Oi<\/h4>\t\t<\/div>\n\t\t\t\t<\/div>\n\t\t\t\t\t\t<\/div>\n\t\t\t\t\t<\/div>\n\t\t<\/div>\n\t\t\t\t<div class=\"elementor-column elementor-col-33 elementor-top-column elementor-element elementor-element-1f2767eb\" data-id=\"1f2767eb\" data-element_type=\"column\">\n\t\t\t<div class=\"elementor-column-wrap elementor-element-populated\">\n\t\t\t\t\t\t\t<div class=\"elementor-widget-wrap\">\n\t\t\t\t\t\t<div class=\"elementor-element elementor-element-5945458 elementor-hidden-phone elementor-widget elementor-widget-spacer\" data-id=\"5945458\" data-element_type=\"widget\" data-widget_type=\"spacer.default\">\n\t\t\t\t<div class=\"elementor-widget-container\">\n\t\t\t\t\t<div class=\"elementor-spacer\">\n\t\t\t<div class=\"elementor-spacer-inner\"><\/div>\n\t\t<\/div>\n\t\t\t\t<\/div>\n\t\t\t\t<\/div>\n\t\t\t\t<div class=\"elementor-element elementor-element-5971972e elementor-shape-circle elementor-hidden-tablet elementor-hidden-phone elementor-grid-0 e-grid-align-center elementor-widget elementor-widget-social-icons\" data-id=\"5971972e\" data-element_type=\"widget\" data-widget_type=\"social-icons.default\">\n\t\t\t\t<div class=\"elementor-widget-container\">\n\t\t\t\t\t<div class=\"elementor-social-icons-wrapper elementor-grid\">\n\t\t\t\t\t\t\t<div class=\"elementor-grid-item\">\n\t\t\t\t\t<a class=\"elementor-icon elementor-social-icon elementor-social-icon-facebook elementor-repeater-item-31fd0e7\" href=\"https:\/\/www.facebook.com\/recuperacaocafecomcristo\/%20\" target=\"_blank\">\n\t\t\t\t\t\t<span class=\"elementor-screen-only\">Facebook<\/span>\n\t\t\t\t\t\t\t\t\t\t\t\t\t<i class=\"fa fa-facebook\"><\/i>\n\t\t\t\t\t\t\t\t\t\t\t<\/a>\n\t\t\t\t<\/div>\n\t\t\t\t\t\t\t<div class=\"elementor-grid-item\">\n\t\t\t\t\t<a class=\"elementor-icon elementor-social-icon elementor-social-icon-instagram elementor-repeater-item-88d8580\" href=\"https:\/\/www.instagram.com\/ctcafecomcristo\/\" target=\"_blank\">\n\t\t\t\t\t\t<span class=\"elementor-screen-only\">Instagram<\/span>\n\t\t\t\t\t\t\t\t\t\t\t\t\t<i class=\"fa fa-instagram\"><\/i>\n\t\t\t\t\t\t\t\t\t\t\t<\/a>\n\t\t\t\t<\/div>\n\t\t\t\t\t<\/div>\n\t\t\t\t<\/div>\n\t\t\t\t<\/div>\n\t\t\t\t\t\t<\/div>\n\t\t\t\t\t<\/div>\n\t\t<\/div>\n\t\t\t\t\t\t\t\t<\/div>\n\t\t\t\t\t<\/div>\n\t\t<\/section>\n\t\t\t\t<section class=\"elementor-section elementor-top-section elementor-element elementor-element-15d56a8d elementor-section-content-middle elementor-section-boxed elementor-section-height-default elementor-section-height-default\" data-id=\"15d56a8d\" data-element_type=\"section\" data-settings=\"{&quot;background_background&quot;:&quot;classic&quot;}\">\n\t\t\t\t\t\t<div class=\"elementor-container elementor-column-gap-default\">\n\t\t\t\t\t\t\t<div class=\"elementor-row\">\n\t\t\t\t\t<div class=\"elementor-column elementor-col-100 elementor-top-column elementor-element elementor-element-1c0c868c\" data-id=\"1c0c868c\" data-element_type=\"column\" data-settings=\"{&quot;background_background&quot;:&quot;classic&quot;}\">\n\t\t\t<div class=\"elementor-column-wrap elementor-element-populated\">\n\t\t\t\t\t\t\t<div class=\"elementor-widget-wrap\">\n\t\t\t\t\t\t<div class=\"elementor-element elementor-element-4405fbc5 elementor-align-center elementor-widget elementor-widget-default-navmenu\" data-id=\"4405fbc5\" data-element_type=\"widget\" data-widget_type=\"default-navmenu.default\">\n\t\t\t\t<div class=\"elementor-widget-container\">\n\t\t\t<div id=\"elementor-header-primary\" class=\"elementor-header\">\t\t\t<button id=\"elementor-menu-toggle\" class=\"elementor-menu-toggle\"><i class=\"fa fa-navicon\"><\/i><\/button>\n\t\t\t<div id=\"elementor-menu\" class=\"elementor-menu\">\n\t\t\t\n\t\t\t\t<nav itemtype=\"http:\/\/schema.org\/SiteNavigationElement\" itemscope=\"itemscope\" id=\"elementor-navigation\" class=\"elementor-navigation\" role=\"navigation\" aria-label=\"Elementor Menu\">\t\t\t\t\n\t\t\t\t<ul id=\"elementor-navmenu\" class=\"elementor-nav-menu\"><li id=\"menu-item-53\" class=\"menu-item menu-item-type-post_type menu-item-object-page menu-item-home menu-item-53\"><a href=\"https:\/\/www.cafecomcristo.com.br\/site\/\">In\u00edcio<\/a><\/li>\n<li id=\"menu-item-496\" class=\"menu-item menu-item-type-post_type menu-item-object-page menu-item-496\"><a href=\"https:\/\/www.cafecomcristo.com.br\/site\/quemsomos\/\">Quem Somos<\/a><\/li>\n<li id=\"menu-item-435\" class=\"menu-item menu-item-type-post_type menu-item-object-page menu-item-435\"><a href=\"https:\/\/www.cafecomcristo.com.br\/site\/tratamento\/\">Tratamento<\/a><\/li>\n<li id=\"menu-item-600\" class=\"menu-item menu-item-type-post_type menu-item-object-page menu-item-600\"><a href=\"https:\/\/www.cafecomcristo.com.br\/site\/galeriadefotos\/\">Galeria de Fotos<\/a><\/li>\n<li id=\"menu-item-629\" class=\"menu-item menu-item-type-post_type menu-item-object-page menu-item-629\"><a href=\"https:\/\/www.cafecomcristo.com.br\/site\/comunidadeterapeutica\/\">Comunidade Terap\u00eautica<\/a><\/li>\n<li id=\"menu-item-607\" class=\"menu-item menu-item-type-post_type menu-item-object-page menu-item-607\"><a href=\"https:\/\/www.cafecomcristo.com.br\/site\/localizacao\/\">Localiza\u00e7\u00e3o<\/a><\/li>\n<li id=\"menu-item-63\" class=\"menu-item menu-item-type-post_type menu-item-object-page menu-item-63\"><a href=\"https:\/\/www.cafecomcristo.com.br\/site\/fale-conosco\/\">Contato<\/a><\/li>\n<\/ul>\t\t\n\t\t\t\t\t\t\t\t<\/nav>\n\t\t\t<\/div>\n\t\t<\/div>\n\t\t\t<\/div>\n\t\t\t\t<\/div>\n\t\t\t\t\t\t<\/div>\n\t\t\t\t\t<\/div>\n\t\t<\/div>\n\t\t\t\t\t\t\t\t<\/div>\n\t\t\t\t\t<\/div>\n\t\t<\/section>\n\t\t\t\t<section class=\"elementor-section elementor-top-section elementor-element elementor-element-4bb75319 elementor-section-height-min-height elementor-section-boxed elementor-section-height-default elementor-section-items-middle\" data-id=\"4bb75319\" data-element_type=\"section\" data-settings=\"{&quot;background_background&quot;:&quot;classic&quot;}\">\n\t\t\t\t\t\t\t<div class=\"elementor-background-overlay\"><\/div>\n\t\t\t\t\t\t\t<div class=\"elementor-container elementor-column-gap-default\">\n\t\t\t\t\t\t\t<div class=\"elementor-row\">\n\t\t\t\t\t<div class=\"elementor-column elementor-col-100 elementor-top-column elementor-element elementor-element-7000d918\" data-id=\"7000d918\" data-element_type=\"column\">\n\t\t\t<div class=\"elementor-column-wrap elementor-element-populated\">\n\t\t\t\t\t\t\t<div class=\"elementor-widget-wrap\">\n\t\t\t\t\t\t<div class=\"elementor-element elementor-element-105f334c elementor-widget elementor-widget-heading\" data-id=\"105f334c\" data-element_type=\"widget\" data-widget_type=\"heading.default\">\n\t\t\t\t<div class=\"elementor-widget-container\">\n\t\t\t<h2 class=\"elementor-heading-title elementor-size-default\">COMUNIDADE TERAP\u00caUTICA<\/h2>\t\t<\/div>\n\t\t\t\t<\/div>\n\t\t\t\t\t\t<\/div>\n\t\t\t\t\t<\/div>\n\t\t<\/div>\n\t\t\t\t\t\t\t\t<\/div>\n\t\t\t\t\t<\/div>\n\t\t<\/section>\n\t\t\t\t<section class=\"elementor-section elementor-top-section elementor-element elementor-element-5e7c3bd6 elementor-section-boxed elementor-section-height-default elementor-section-height-default\" data-id=\"5e7c3bd6\" data-element_type=\"section\">\n\t\t\t\t\t\t<div class=\"elementor-container elementor-column-gap-default\">\n\t\t\t\t\t\t\t<div class=\"elementor-row\">\n\t\t\t\t\t<div class=\"elementor-column elementor-col-100 elementor-top-column elementor-element elementor-element-1668f366\" data-id=\"1668f366\" data-element_type=\"column\">\n\t\t\t<div class=\"elementor-column-wrap elementor-element-populated\">\n\t\t\t\t\t\t\t<div class=\"elementor-widget-wrap\">\n\t\t\t\t\t\t<div class=\"elementor-element elementor-element-5d90d872 elementor-widget elementor-widget-text-editor\" data-id=\"5d90d872\" data-element_type=\"widget\" data-widget_type=\"text-editor.default\">\n\t\t\t\t<div class=\"elementor-widget-container\">\n\t\t\t\t\t<div class=\"elementor-text-editor elementor-clearfix\"><h2 style=\"text-align: justify;\"><strong>O que \u00e9 uma comunidade terap\u00eautica?<\/strong><\/h2><h2 style=\"text-align: justify;\"><strong>Como ela funciona?<\/strong><\/h2><p style=\"text-align: justify;\">Voc\u00ea provavelmente j\u00e1 at\u00e9 ouviu falar sobre, mas talvez n\u00e3o saiba O que \u00e9 uma comunidade terap\u00eautica! Se for o caso, tudo bem! N\u00e3o tem problema! Na verdade, muita gente n\u00e3o faz ideia do que esses lugares s\u00e3o de fato e como funcionam.<\/p><p style=\"text-align: justify;\">A quest\u00e3o \u00e9 que eles prestam grande servi\u00e7o para a nossa sociedade, e \u00e9 por isso que devem ser conhecidas e reverenciadas. O que elas oferecem deve ser entendido como uma \u00f3tima op\u00e7\u00e3o para muitas pessoas, especialmente para aquelas que est\u00e3o sofrendo.<\/p><p style=\"text-align: justify;\">Sendo assim, a seguir vamos te explicar o que \u00e9 uma comunidade terap\u00eautica e como elas funcionam, para que voc\u00ea tenha uma compreens\u00e3o maior sobre esses sistemas e seus benef\u00edcios! Vem conferir!<\/p><h2 style=\"text-align: justify;\"><strong>Afinal: o que \u00e9 uma comunidade terap\u00eautica?<\/strong><\/h2><p style=\"text-align: justify;\">Para come\u00e7ar, apesar de ser algo mais ou menos \u00f3bvio, \u00e9 importante explicar que uma comunidade terap\u00eautica nada mais \u00e9 do que um espa\u00e7o f\u00edsico no qual as pessoas convivem e se comportam como uma esp\u00e9cie de mini sociedade.<\/p><p style=\"text-align: justify;\">Essa comunidade tem v\u00e1rios elementos das comunidades e sociedades maiores, mas nelas n\u00e3o existem l\u00edderes com poderes burocr\u00e1ticos, como um prefeito ou um governador, por exemplo.<\/p><p style=\"text-align: justify;\">O que h\u00e1 isso sim, \u00e9 quem cumpra a fun\u00e7\u00e3o de lideran\u00e7a, e isso \u00e9 importante, pois existem regras e normas na comunidade terap\u00eautica como existem em qualquer comunidade e \u00e9 important\u00edssimo que elas sejam obedecidas.<\/p><h2 style=\"text-align: justify;\"><strong>A comunidade terap\u00eautica funciona como uma cl\u00ednica de recupera\u00e7\u00e3o de dependentes? <\/strong><\/h2><p style=\"text-align: justify;\">De certo modo sim, e por uma raz\u00e3o muito especial: dentro dessas comunidades n\u00e3o pode haver \u00e1lcool ou drogas de modo geral. Ou seja, quem entrar vai ter que ficar limpo por um longo per\u00edodo.<\/p><p style=\"text-align: justify;\">Esse afastamento \u00e9 entendido como providencial por aqueles que precisam se recuperar do v\u00edcio, lidar com a abstin\u00eancia e claro, retomar aos poucos a vida normal, livres do uso dessas subst\u00e2ncias!<\/p><h2 style=\"text-align: justify;\"><strong>Como funciona uma comunidade terap\u00eautica? <\/strong><\/h2><p style=\"text-align: justify;\">Agora que voc\u00ea sabe o que \u00e9 uma comunidade terap\u00eautica \u00e9 importante poder compreender como \u00e9 o funcionamento delas! De modo geral, \u00e9 necess\u00e1rio que existam nesses ambientes tr\u00eas pilares fundamentais, para que ele funcione plenamente:<\/p><h2 style=\"text-align: justify;\"><strong>1 \u2013 A disciplina<\/strong><\/h2><p style=\"text-align: justify;\">A disciplina \u00e9 primordial para que um dependente qu\u00edmico se reintegre a sua fam\u00edlia e a sociedade livre do v\u00edcio. Sem ela, a tend\u00eancia \u00e9 que ele acabe falhando nos seus prop\u00f3sitos e volte a ser um usu\u00e1rio.\u00a0<\/p><p style=\"text-align: justify;\">\u00c9 dif\u00edcil encarar a vida sem a muleta que a subst\u00e2ncia d\u00e1, e quando a pessoa fica limpa precisa encarar tudo o que perdeu e entender que ter\u00e1 que recome\u00e7ar do zero.<\/p><p style=\"text-align: justify;\">Isso \u00e9 muito sofrido e complicado, e \u00e9 por isso que na comunidade terap\u00eautica h\u00e1 uma ajuda grande para que o indiv\u00edduo se comporte de forma disciplinada, at\u00e9 porque ele ter\u00e1 que seguir normas e entender que seu desejo fica em segundo plano, porque as necessidades da comunidade v\u00eam antes!<\/p><h2 style=\"text-align: justify;\"><strong>2 \u2013 O trabalho<\/strong><\/h2><p style=\"text-align: justify;\">O trabalho \u00e9 algo primordial dentro da comunidade terap\u00eautica. \u00c9 atrav\u00e9s dele que aos poucos o dependente vai recobrando a sua identidade, a sua dignidade, o seu orgulho pr\u00f3prio e a sua vontade de estar bem!\u00a0<\/p><p style=\"text-align: justify;\">Ter responsabilidade, ser gratificado por ser produtivo e seguir dentro de um sistema que fazem com que o indiv\u00edduo Residente recupere aos poucos o prop\u00f3sito de viver, compreendendo que n\u00e3o \u00e9 nas drogas que reside o sentido de sua vida!<\/p><h2 style=\"text-align: justify;\"><strong>3 \u2013 A ora\u00e7\u00e3o e a Espiritualidade<\/strong><\/h2><p style=\"text-align: justify;\">Um dos princ\u00edpios sobre o que \u00e9 uma comunidade terap\u00eautica \u00e9 a presen\u00e7a de Deus neste local. A ideia \u00e9 que aos poucos o dependente deixe de adorar as drogas e se volte para a f\u00e9! Com a f\u00e9 ele consegue grandes coisas, inclusive se recuperar!<\/p><p style=\"text-align: justify;\">Vale dizer que as comunidades terap\u00eauticas costumam seguir o programa dos 12 passos junto a b\u00edblia Despertai da Sociedade B\u00edblica Brasileira SBB, que s\u00e3o todos relacionados a Deus e a busca do dependente pela sua recupera\u00e7\u00e3o, dia ap\u00f3s dia, semana ap\u00f3s semana, ano ap\u00f3s ano!<\/p><h2 style=\"text-align: justify;\"><strong>Qual o objetivo dessas comunidades?<\/strong><\/h2><p style=\"text-align: justify;\">O grande objetivo dessas comunidades \u00e9 permitir que pessoas que est\u00e3o doentes se conscientizem do seu problema e aos poucos se tratem, podendo ent\u00e3o voltar algum dia para o conv\u00edvio social de maneira plena e efetiva!<\/p><p style=\"text-align: justify;\">Agora que voc\u00ea j\u00e1 sabe o que \u00e9 uma comunidade terap\u00eautica talvez esteja se perguntando onde encontrar esse tipo de Comunidade terap\u00eautica em Aparecida de Goi\u00e2nia. GO. Chama-se Comunidade Terap\u00eautica Caf\u00e9 com Cristo.<\/p><\/div>\n\t\t\t\t<\/div>\n\t\t\t\t<\/div>\n\t\t\t\t\t\t<\/div>\n\t\t\t\t\t<\/div>\n\t\t<\/div>\n\t\t\t\t\t\t\t\t<\/div>\n\t\t\t\t\t<\/div>\n\t\t<\/section>\n\t\t\t\t<section class=\"elementor-section elementor-top-section elementor-element elementor-element-d20c51b elementor-section-boxed elementor-section-height-default elementor-section-height-default\" data-id=\"d20c51b\" data-element_type=\"section\" data-settings=\"{&quot;background_background&quot;:&quot;classic&quot;}\">\n\t\t\t\t\t\t<div class=\"elementor-container elementor-column-gap-default\">\n\t\t\t\t\t\t\t<div class=\"elementor-row\">\n\t\t\t\t\t<div class=\"elementor-column elementor-col-50 elementor-top-column elementor-element elementor-element-fd73c06\" data-id=\"fd73c06\" data-element_type=\"column\">\n\t\t\t<div class=\"elementor-column-wrap elementor-element-populated\">\n\t\t\t\t\t\t\t<div class=\"elementor-widget-wrap\">\n\t\t\t\t\t\t<div class=\"elementor-element elementor-element-5bf0bbf9 elementor-widget elementor-widget-heading\" data-id=\"5bf0bbf9\" data-element_type=\"widget\" data-widget_type=\"heading.default\">\n\t\t\t\t<div class=\"elementor-widget-container\">\n\t\t\t<h3 class=\"elementor-heading-title elementor-size-default\">Informa\u00e7\u00f5es<\/h3>\t\t<\/div>\n\t\t\t\t<\/div>\n\t\t\t\t<div class=\"elementor-element elementor-element-55eee064 elementor-widget elementor-widget-text-editor\" data-id=\"55eee064\" data-element_type=\"widget\" data-widget_type=\"text-editor.default\">\n\t\t\t\t<div class=\"elementor-widget-container\">\n\t\t\t\t\t<div class=\"elementor-text-editor elementor-clearfix\"><p style=\"text-align: justify;\">Venham conhecer nossas novas instala\u00e7\u00f5es, mais confort\u00e1veis e funcionais para proporcionar o melhor atendimento aos Acolhidos.<\/p><\/div>\n\t\t\t\t<\/div>\n\t\t\t\t<\/div>\n\t\t\t\t\t\t<\/div>\n\t\t\t\t\t<\/div>\n\t\t<\/div>\n\t\t\t\t<div class=\"elementor-column elementor-col-50 elementor-top-column elementor-element elementor-element-10058a6\" data-id=\"10058a6\" data-element_type=\"column\">\n\t\t\t<div class=\"elementor-column-wrap elementor-element-populated\">\n\t\t\t\t\t\t\t<div class=\"elementor-widget-wrap\">\n\t\t\t\t\t\t<div class=\"elementor-element elementor-element-129314c7 elementor-widget elementor-widget-heading\" data-id=\"129314c7\" data-element_type=\"widget\" data-widget_type=\"heading.default\">\n\t\t\t\t<div class=\"elementor-widget-container\">\n\t\t\t<h3 class=\"elementor-heading-title elementor-size-default\">Contatos<\/h3>\t\t<\/div>\n\t\t\t\t<\/div>\n\t\t\t\t<div class=\"elementor-element elementor-element-34875ac elementor-widget elementor-widget-text-editor\" data-id=\"34875ac\" data-element_type=\"widget\" data-widget_type=\"text-editor.default\">\n\t\t\t\t<div class=\"elementor-widget-container\">\n\t\t\t\t\t<div class=\"elementor-text-editor elementor-clearfix\"><p style=\"text-align: center;\"><i class=\"fa fa-map-marker\"><\/i> Avenida Portugal S\/N, Qd. F, Lt. 03 e 04, Bairro Buriti Sereno<\/p><p style=\"text-align: center;\">Goi\u00e2nia &#8211; GO, CEP-74942-210<\/p><p style=\"text-align: center;\"><i class=\"fa fa-envelope\"><\/i> contato@cafecomcristo.com.br<\/p><\/div>\n\t\t\t\t<\/div>\n\t\t\t\t<\/div>\n\t\t\t\t\t\t<\/div>\n\t\t\t\t\t<\/div>\n\t\t<\/div>\n\t\t\t\t\t\t\t\t<\/div>\n\t\t\t\t\t<\/div>\n\t\t<\/section>\n\t\t\t\t<section class=\"elementor-section elementor-top-section elementor-element elementor-element-1cfaafdf elementor-section-boxed elementor-section-height-default elementor-section-height-default\" data-id=\"1cfaafdf\" data-element_type=\"section\" data-settings=\"{&quot;background_background&quot;:&quot;classic&quot;}\">\n\t\t\t\t\t\t<div class=\"elementor-container elementor-column-gap-default\">\n\t\t\t\t\t\t\t<div class=\"elementor-row\">\n\t\t\t\t\t<div class=\"elementor-column elementor-col-100 elementor-top-column elementor-element elementor-element-63993add\" data-id=\"63993add\" data-element_type=\"column\">\n\t\t\t<div class=\"elementor-column-wrap elementor-element-populated\">\n\t\t\t\t\t\t\t<div class=\"elementor-widget-wrap\">\n\t\t\t\t\t\t<div class=\"elementor-element elementor-element-514e4c18 elementor-widget elementor-widget-text-editor\" data-id=\"514e4c18\" data-element_type=\"widget\" data-widget_type=\"text-editor.default\">\n\t\t\t\t<div class=\"elementor-widget-container\">\n\t\t\t\t\t<div class=\"elementor-text-editor elementor-clearfix\"><p style=\"text-align: center;\">Copyright \u00a9 2019 &#8211; Todos os Direitos Reservados<\/p><\/div>\n\t\t\t\t<\/div>\n\t\t\t\t<\/div>\n\t\t\t\t<div class=\"elementor-element elementor-element-5dc772c0 elementor-widget elementor-widget-image\" data-id=\"5dc772c0\" data-element_type=\"widget\" data-widget_type=\"image.default\">\n\t\t\t\t<div class=\"elementor-widget-container\">\n\t\t\t\t\t<div class=\"elementor-image\">\n\t\t\t\t\t\t\t\t\t\t\t<a href=\"http:\/\/www.logicsite.com.br\" target=\"_blank\">\n\t\t\t\t\t\t\t<img width=\"151\" height=\"32\" src=\"https:\/\/www.cafecomcristo.com.br\/site\/wp-content\/uploads\/2018\/09\/criacao-logicsite.png\" class=\"attachment-large size-large\" alt=\"\" loading=\"lazy\" srcset=\"https:\/\/www.cafecomcristo.com.br\/site\/wp-content\/uploads\/2018\/09\/criacao-logicsite.png 151w, https:\/\/www.cafecomcristo.com.br\/site\/wp-content\/uploads\/2018\/09\/criacao-logicsite-150x32.png 150w\" sizes=\"(max-width: 151px) 100vw, 151px\" \/>\t\t\t\t\t\t\t\t<\/a>\n\t\t\t\t\t\t\t\t\t\t\t<\/div>\n\t\t\t\t<\/div>\n\t\t\t\t<\/div>\n\t\t\t\t\t\t<\/div>\n\t\t\t\t\t<\/div>\n\t\t<\/div>\n\t\t\t\t\t\t\t\t<\/div>\n\t\t\t\t\t<\/div>\n\t\t<\/section>\n\t\t\t\t\t\t<\/div>\n\t\t\t\t\t\t<\/div>\n\t\t\t\t\t<\/div>\n\t\t","protected":false},"excerpt":{"rendered":"<p>Comunidade Terap\u00eautica (62) 3588-7111 \/ (62) 99154-4349 Claro \/ (62) 98597-8757 Oi Facebook Instagram In\u00edcio Quem Somos Tratamento Galeria de Fotos Comunidade Terap\u00eautica Localiza\u00e7\u00e3o Contato COMUNIDADE TERAP\u00caUTICA O que \u00e9 uma comunidade terap\u00eautica? Como ela funciona? Voc\u00ea provavelmente j\u00e1 at\u00e9 ouviu falar sobre, mas talvez n\u00e3o saiba O que \u00e9 uma comunidade terap\u00eautica! Se for &#8230; <a title=\"Comunidade Terap\u00eautica\" class=\"read-more\" href=\"https:\/\/www.cafecomcristo.com.br\/site\/comunidadeterapeutica\/\">Ler mais<span class=\"screen-reader-text\">Comunidade Terap\u00eautica<\/span><\/a><\/p>\n","protected":false},"author":1,"featured_media":0,"parent":0,"menu_order":0,"comment_status":"closed","ping_status":"closed","template":"elementor_canvas","meta":[],"_links":{"self":[{"href":"https:\/\/www.cafecomcristo.com.br\/site\/wp-json\/wp\/v2\/pages\/627"}],"collection":[{"href":"https:\/\/www.cafecomcristo.com.br\/site\/wp-json\/wp\/v2\/pages"}],"about":[{"href":"https:\/\/www.cafecomcristo.com.br\/site\/wp-json\/wp\/v2\/types\/page"}],"author":[{"embeddable":true,"href":"https:\/\/www.cafecomcristo.com.br\/site\/wp-json\/wp\/v2\/users\/1"}],"replies":[{"embeddable":true,"href":"https:\/\/www.cafecomcristo.com.br\/site\/wp-json\/wp\/v2\/comments?post=627"}],"version-history":[{"count":9,"href":"https:\/\/www.cafecomcristo.com.br\/site\/wp-json\/wp\/v2\/pages\/627\/revisions"}],"predecessor-version":[{"id":691,"href":"https:\/\/www.cafecomcristo.com.br\/site\/wp-json\/wp\/v2\/pages\/627\/revisions\/691"}],"wp:attachment":[{"href":"https:\/\/www.cafecomcristo.com.br\/site\/wp-json\/wp\/v2\/media?parent=627"}],"curies":[{"name":"wp","href":"https:\/\/api.w.org\/{rel}","templated":true}]}}