{"id":429,"date":"2019-03-28T15:59:48","date_gmt":"2019-03-28T18:59:48","guid":{"rendered":"http:\/\/www.fortalezaterceriza.com.br\/?page_id=429"},"modified":"2019-06-04T10:05:36","modified_gmt":"2019-06-04T13:05:36","slug":"tratamento","status":"publish","type":"page","link":"https:\/\/www.cafecomcristo.com.br\/site\/tratamento\/","title":{"rendered":"Tratamento"},"content":{"rendered":"\t\t<div data-elementor-type=\"wp-post\" data-elementor-id=\"429\" class=\"elementor elementor-429 elementor-bc-flex-widget\" data-elementor-settings=\"[]\">\n\t\t\t\t\t\t<div class=\"elementor-inner\">\n\t\t\t\t\t\t\t<div class=\"elementor-section-wrap\">\n\t\t\t\t\t\t\t<section class=\"elementor-section elementor-top-section elementor-element elementor-element-62c2b81a elementor-section-height-min-height elementor-section-boxed elementor-section-height-default elementor-section-items-middle\" data-id=\"62c2b81a\" data-element_type=\"section\" data-settings=\"{&quot;background_background&quot;:&quot;classic&quot;}\">\n\t\t\t\t\t\t<div class=\"elementor-container elementor-column-gap-default\">\n\t\t\t\t\t\t\t<div class=\"elementor-row\">\n\t\t\t\t\t<div class=\"elementor-column elementor-col-33 elementor-top-column elementor-element elementor-element-7f203e16\" data-id=\"7f203e16\" data-element_type=\"column\">\n\t\t\t<div class=\"elementor-column-wrap elementor-element-populated\">\n\t\t\t\t\t\t\t<div class=\"elementor-widget-wrap\">\n\t\t\t\t\t\t<div class=\"elementor-element elementor-element-64a50efd elementor-widget elementor-widget-image\" data-id=\"64a50efd\" data-element_type=\"widget\" data-widget_type=\"image.default\">\n\t\t\t\t<div class=\"elementor-widget-container\">\n\t\t\t\t\t<div class=\"elementor-image\">\n\t\t\t\t\t\t\t\t\t\t<img width=\"331\" height=\"137\" src=\"https:\/\/www.cafecomcristo.com.br\/site\/wp-content\/uploads\/2017\/08\/logo-cafecomcristo-site-1.jpg\" class=\"attachment-large size-large\" alt=\"\" loading=\"lazy\" srcset=\"https:\/\/www.cafecomcristo.com.br\/site\/wp-content\/uploads\/2017\/08\/logo-cafecomcristo-site-1.jpg 331w, https:\/\/www.cafecomcristo.com.br\/site\/wp-content\/uploads\/2017\/08\/logo-cafecomcristo-site-1-300x124.jpg 300w\" sizes=\"(max-width: 331px) 100vw, 331px\" \/>\t\t\t\t\t\t\t\t\t\t\t<\/div>\n\t\t\t\t<\/div>\n\t\t\t\t<\/div>\n\t\t\t\t\t\t<\/div>\n\t\t\t\t\t<\/div>\n\t\t<\/div>\n\t\t\t\t<div class=\"elementor-column elementor-col-33 elementor-top-column elementor-element elementor-element-1c9f3723\" data-id=\"1c9f3723\" data-element_type=\"column\">\n\t\t\t<div class=\"elementor-column-wrap elementor-element-populated\">\n\t\t\t\t\t\t\t<div class=\"elementor-widget-wrap\">\n\t\t\t\t\t\t<div class=\"elementor-element elementor-element-3dcfead2 elementor-widget elementor-widget-heading\" data-id=\"3dcfead2\" data-element_type=\"widget\" data-widget_type=\"heading.default\">\n\t\t\t\t<div class=\"elementor-widget-container\">\n\t\t\t<h2 class=\"elementor-heading-title elementor-size-default\">Comunidade Terap\u00eautica<\/h2>\t\t<\/div>\n\t\t\t\t<\/div>\n\t\t\t\t<div class=\"elementor-element elementor-element-39b48ae7 elementor-widget elementor-widget-heading\" data-id=\"39b48ae7\" data-element_type=\"widget\" data-widget_type=\"heading.default\">\n\t\t\t\t<div class=\"elementor-widget-container\">\n\t\t\t<h4 class=\"elementor-heading-title elementor-size-default\"><i class=\"fa fa-phone\"><\/i>  (62) 3588-7111 \/ (62) 99154-4349 <i class=\"fa fa-whatsapp\"><\/i> Claro \/ (62) 98597-8757 Oi<\/h4>\t\t<\/div>\n\t\t\t\t<\/div>\n\t\t\t\t\t\t<\/div>\n\t\t\t\t\t<\/div>\n\t\t<\/div>\n\t\t\t\t<div class=\"elementor-column elementor-col-33 elementor-top-column elementor-element elementor-element-3613983d\" data-id=\"3613983d\" data-element_type=\"column\">\n\t\t\t<div class=\"elementor-column-wrap elementor-element-populated\">\n\t\t\t\t\t\t\t<div class=\"elementor-widget-wrap\">\n\t\t\t\t\t\t<div class=\"elementor-element elementor-element-549a1e9b elementor-hidden-phone elementor-widget elementor-widget-spacer\" data-id=\"549a1e9b\" data-element_type=\"widget\" data-widget_type=\"spacer.default\">\n\t\t\t\t<div class=\"elementor-widget-container\">\n\t\t\t\t\t<div class=\"elementor-spacer\">\n\t\t\t<div class=\"elementor-spacer-inner\"><\/div>\n\t\t<\/div>\n\t\t\t\t<\/div>\n\t\t\t\t<\/div>\n\t\t\t\t<div class=\"elementor-element elementor-element-25ce17df elementor-shape-circle elementor-hidden-tablet elementor-hidden-phone elementor-grid-0 e-grid-align-center elementor-widget elementor-widget-social-icons\" data-id=\"25ce17df\" data-element_type=\"widget\" data-widget_type=\"social-icons.default\">\n\t\t\t\t<div class=\"elementor-widget-container\">\n\t\t\t\t\t<div class=\"elementor-social-icons-wrapper elementor-grid\">\n\t\t\t\t\t\t\t<div class=\"elementor-grid-item\">\n\t\t\t\t\t<a class=\"elementor-icon elementor-social-icon elementor-social-icon-facebook elementor-repeater-item-31fd0e7\" href=\"https:\/\/www.facebook.com\/recuperacaocafecomcristo\/%20\" target=\"_blank\">\n\t\t\t\t\t\t<span class=\"elementor-screen-only\">Facebook<\/span>\n\t\t\t\t\t\t\t\t\t\t\t\t\t<i class=\"fa fa-facebook\"><\/i>\n\t\t\t\t\t\t\t\t\t\t\t<\/a>\n\t\t\t\t<\/div>\n\t\t\t\t\t\t\t<div class=\"elementor-grid-item\">\n\t\t\t\t\t<a class=\"elementor-icon elementor-social-icon elementor-social-icon-instagram elementor-repeater-item-88d8580\" href=\"https:\/\/www.instagram.com\/ctcafecomcristo\/\" target=\"_blank\">\n\t\t\t\t\t\t<span class=\"elementor-screen-only\">Instagram<\/span>\n\t\t\t\t\t\t\t\t\t\t\t\t\t<i class=\"fa fa-instagram\"><\/i>\n\t\t\t\t\t\t\t\t\t\t\t<\/a>\n\t\t\t\t<\/div>\n\t\t\t\t\t<\/div>\n\t\t\t\t<\/div>\n\t\t\t\t<\/div>\n\t\t\t\t\t\t<\/div>\n\t\t\t\t\t<\/div>\n\t\t<\/div>\n\t\t\t\t\t\t\t\t<\/div>\n\t\t\t\t\t<\/div>\n\t\t<\/section>\n\t\t\t\t<section class=\"elementor-section elementor-top-section elementor-element elementor-element-59bc0c42 elementor-section-content-middle elementor-section-boxed elementor-section-height-default elementor-section-height-default\" data-id=\"59bc0c42\" data-element_type=\"section\" data-settings=\"{&quot;background_background&quot;:&quot;classic&quot;}\">\n\t\t\t\t\t\t<div class=\"elementor-container elementor-column-gap-default\">\n\t\t\t\t\t\t\t<div class=\"elementor-row\">\n\t\t\t\t\t<div class=\"elementor-column elementor-col-100 elementor-top-column elementor-element elementor-element-4c994fbc\" data-id=\"4c994fbc\" data-element_type=\"column\" data-settings=\"{&quot;background_background&quot;:&quot;classic&quot;}\">\n\t\t\t<div class=\"elementor-column-wrap elementor-element-populated\">\n\t\t\t\t\t\t\t<div class=\"elementor-widget-wrap\">\n\t\t\t\t\t\t<div class=\"elementor-element elementor-element-36c366f2 elementor-align-center elementor-widget elementor-widget-default-navmenu\" data-id=\"36c366f2\" data-element_type=\"widget\" data-widget_type=\"default-navmenu.default\">\n\t\t\t\t<div class=\"elementor-widget-container\">\n\t\t\t<div id=\"elementor-header-primary\" class=\"elementor-header\">\t\t\t<button id=\"elementor-menu-toggle\" class=\"elementor-menu-toggle\"><i class=\"fa fa-navicon\"><\/i><\/button>\n\t\t\t<div id=\"elementor-menu\" class=\"elementor-menu\">\n\t\t\t\n\t\t\t\t<nav itemtype=\"http:\/\/schema.org\/SiteNavigationElement\" itemscope=\"itemscope\" id=\"elementor-navigation\" class=\"elementor-navigation\" role=\"navigation\" aria-label=\"Elementor Menu\">\t\t\t\t\n\t\t\t\t<ul id=\"elementor-navmenu\" class=\"elementor-nav-menu\"><li id=\"menu-item-53\" class=\"menu-item menu-item-type-post_type menu-item-object-page menu-item-home menu-item-53\"><a href=\"https:\/\/www.cafecomcristo.com.br\/site\/\">In\u00edcio<\/a><\/li>\n<li id=\"menu-item-496\" class=\"menu-item menu-item-type-post_type menu-item-object-page menu-item-496\"><a href=\"https:\/\/www.cafecomcristo.com.br\/site\/quemsomos\/\">Quem Somos<\/a><\/li>\n<li id=\"menu-item-435\" class=\"menu-item menu-item-type-post_type menu-item-object-page menu-item-435\"><a href=\"https:\/\/www.cafecomcristo.com.br\/site\/tratamento\/\">Tratamento<\/a><\/li>\n<li id=\"menu-item-600\" class=\"menu-item menu-item-type-post_type menu-item-object-page menu-item-600\"><a href=\"https:\/\/www.cafecomcristo.com.br\/site\/galeriadefotos\/\">Galeria de Fotos<\/a><\/li>\n<li id=\"menu-item-629\" class=\"menu-item menu-item-type-post_type menu-item-object-page menu-item-629\"><a href=\"https:\/\/www.cafecomcristo.com.br\/site\/comunidadeterapeutica\/\">Comunidade Terap\u00eautica<\/a><\/li>\n<li id=\"menu-item-607\" class=\"menu-item menu-item-type-post_type menu-item-object-page menu-item-607\"><a href=\"https:\/\/www.cafecomcristo.com.br\/site\/localizacao\/\">Localiza\u00e7\u00e3o<\/a><\/li>\n<li id=\"menu-item-63\" class=\"menu-item menu-item-type-post_type menu-item-object-page menu-item-63\"><a href=\"https:\/\/www.cafecomcristo.com.br\/site\/fale-conosco\/\">Contato<\/a><\/li>\n<\/ul>\t\t\n\t\t\t\t\t\t\t\t<\/nav>\n\t\t\t<\/div>\n\t\t<\/div>\n\t\t\t<\/div>\n\t\t\t\t<\/div>\n\t\t\t\t\t\t<\/div>\n\t\t\t\t\t<\/div>\n\t\t<\/div>\n\t\t\t\t\t\t\t\t<\/div>\n\t\t\t\t\t<\/div>\n\t\t<\/section>\n\t\t\t\t<section class=\"elementor-section elementor-top-section elementor-element elementor-element-75bffa3a elementor-section-height-min-height elementor-section-boxed elementor-section-height-default elementor-section-items-middle\" data-id=\"75bffa3a\" data-element_type=\"section\" data-settings=\"{&quot;background_background&quot;:&quot;classic&quot;}\">\n\t\t\t\t\t\t\t<div class=\"elementor-background-overlay\"><\/div>\n\t\t\t\t\t\t\t<div class=\"elementor-container elementor-column-gap-default\">\n\t\t\t\t\t\t\t<div class=\"elementor-row\">\n\t\t\t\t\t<div class=\"elementor-column elementor-col-100 elementor-top-column elementor-element elementor-element-2615bf03\" data-id=\"2615bf03\" data-element_type=\"column\">\n\t\t\t<div class=\"elementor-column-wrap elementor-element-populated\">\n\t\t\t\t\t\t\t<div class=\"elementor-widget-wrap\">\n\t\t\t\t\t\t<div class=\"elementor-element elementor-element-57b60562 elementor-widget elementor-widget-heading\" data-id=\"57b60562\" data-element_type=\"widget\" data-widget_type=\"heading.default\">\n\t\t\t\t<div class=\"elementor-widget-container\">\n\t\t\t<h1 class=\"elementor-heading-title elementor-size-default\">TRATAMENTO<\/h1>\t\t<\/div>\n\t\t\t\t<\/div>\n\t\t\t\t\t\t<\/div>\n\t\t\t\t\t<\/div>\n\t\t<\/div>\n\t\t\t\t\t\t\t\t<\/div>\n\t\t\t\t\t<\/div>\n\t\t<\/section>\n\t\t\t\t<section class=\"elementor-section elementor-top-section elementor-element elementor-element-1a8468b7 elementor-section-boxed elementor-section-height-default elementor-section-height-default\" data-id=\"1a8468b7\" data-element_type=\"section\">\n\t\t\t\t\t\t<div class=\"elementor-container elementor-column-gap-default\">\n\t\t\t\t\t\t\t<div class=\"elementor-row\">\n\t\t\t\t\t<div class=\"elementor-column elementor-col-100 elementor-top-column elementor-element elementor-element-3a879ae\" data-id=\"3a879ae\" data-element_type=\"column\">\n\t\t\t<div class=\"elementor-column-wrap elementor-element-populated\">\n\t\t\t\t\t\t\t<div class=\"elementor-widget-wrap\">\n\t\t\t\t\t\t<div class=\"elementor-element elementor-element-6d198b87 elementor-widget elementor-widget-text-editor\" data-id=\"6d198b87\" data-element_type=\"widget\" data-widget_type=\"text-editor.default\">\n\t\t\t\t<div class=\"elementor-widget-container\">\n\t\t\t\t\t<div class=\"elementor-text-editor elementor-clearfix\"><p style=\"text-align: justify;\">O programa de tratamento da Comunidade terap\u00eautica Caf\u00e9 com Cristo, contra a depend\u00eancia qu\u00edmica, conta com profissionais especializados, com conhecimentos na Depend\u00eancia Qu\u00edmica de uma CT para direcionar o usu\u00e1rio ao melhor tratamento poss\u00edvel.<\/p><p style=\"text-align: justify;\">Na Comunidade Terap\u00eautica, os servi\u00e7os de atendimento ao Residente, que \u00e9 tamb\u00e9m considerado um h\u00f3spede, conta com a equipe de profissionais composta de t\u00e9cnicos e de colaboradores de apoio administrativo, todos com a qualifica\u00e7\u00e3o exigida para o tratamento e a recupera\u00e7\u00e3o do dependente qu\u00edmico.<\/p><p style=\"text-align: justify;\">O objetivo principal da comunidade terap\u00eautica \u00e9 aplicar as t\u00e9cnicas mais eficazes usadas hoje para a recupera\u00e7\u00e3o do dependente, o tratamento personalizado para cada dependente, orientando-se pelo perfil do indiv\u00edduo e pelo seu est\u00e1gio de depend\u00eancia, conduzindo o residente de uma forma consciente para a recupera\u00e7\u00e3o de sua sa\u00fade f\u00edsica, psicol\u00f3gica, social e espiritual.<\/p><p style=\"text-align: justify;\">O tratamento para drogas, e muito mais que um atendimento, deve se voltar para o dependente como uma pessoa que est\u00e1 em tratamento principalmente mental, procurando manter-se longe das drogas, buscando meios de manter a abstin\u00eancia, situa\u00e7\u00e3o que exige pessoas capacitadas, trabalhando em conjunto, numa equipe direcionada para o bem estar de cada Residente.<\/p><\/div>\n\t\t\t\t<\/div>\n\t\t\t\t<\/div>\n\t\t\t\t<div class=\"elementor-element elementor-element-9a7e52f elementor-widget elementor-widget-image-gallery\" data-id=\"9a7e52f\" data-element_type=\"widget\" data-widget_type=\"image-gallery.default\">\n\t\t\t\t<div class=\"elementor-widget-container\">\n\t\t\t\t\t<div class=\"elementor-image-gallery\">\n\t\t\t<div id='gallery-1' class='gallery galleryid-429 gallery-columns-4 gallery-size-woocommerce_thumbnail'><figure class='gallery-item'>\n\t\t\t<div class='gallery-icon landscape'>\n\t\t\t\t<a data-elementor-open-lightbox=\"yes\" data-elementor-lightbox-slideshow=\"9a7e52f\" data-elementor-lightbox-title=\"axeccccm14\" href='https:\/\/www.cafecomcristo.com.br\/site\/wp-content\/uploads\/2019\/06\/axeccccm14.jpg'><img width=\"300\" height=\"300\" src=\"https:\/\/www.cafecomcristo.com.br\/site\/wp-content\/uploads\/2019\/06\/axeccccm14-300x300.jpg\" class=\"attachment-woocommerce_thumbnail size-woocommerce_thumbnail\" alt=\"\" loading=\"lazy\" srcset=\"https:\/\/www.cafecomcristo.com.br\/site\/wp-content\/uploads\/2019\/06\/axeccccm14-300x300.jpg 300w, https:\/\/www.cafecomcristo.com.br\/site\/wp-content\/uploads\/2019\/06\/axeccccm14-150x150.jpg 150w, https:\/\/www.cafecomcristo.com.br\/site\/wp-content\/uploads\/2019\/06\/axeccccm14-100x100.jpg 100w\" sizes=\"(max-width: 300px) 100vw, 300px\" \/><\/a>\n\t\t\t<\/div><\/figure><figure class='gallery-item'>\n\t\t\t<div class='gallery-icon landscape'>\n\t\t\t\t<a data-elementor-open-lightbox=\"yes\" data-elementor-lightbox-slideshow=\"9a7e52f\" data-elementor-lightbox-title=\"axeccccm12\" href='https:\/\/www.cafecomcristo.com.br\/site\/wp-content\/uploads\/2019\/06\/axeccccm12.jpg'><img width=\"300\" height=\"300\" src=\"https:\/\/www.cafecomcristo.com.br\/site\/wp-content\/uploads\/2019\/06\/axeccccm12-300x300.jpg\" class=\"attachment-woocommerce_thumbnail size-woocommerce_thumbnail\" alt=\"\" loading=\"lazy\" srcset=\"https:\/\/www.cafecomcristo.com.br\/site\/wp-content\/uploads\/2019\/06\/axeccccm12-300x300.jpg 300w, https:\/\/www.cafecomcristo.com.br\/site\/wp-content\/uploads\/2019\/06\/axeccccm12-150x150.jpg 150w, https:\/\/www.cafecomcristo.com.br\/site\/wp-content\/uploads\/2019\/06\/axeccccm12-100x100.jpg 100w\" sizes=\"(max-width: 300px) 100vw, 300px\" \/><\/a>\n\t\t\t<\/div><\/figure><figure class='gallery-item'>\n\t\t\t<div class='gallery-icon landscape'>\n\t\t\t\t<a data-elementor-open-lightbox=\"yes\" data-elementor-lightbox-slideshow=\"9a7e52f\" data-elementor-lightbox-title=\"axeccccm9\" href='https:\/\/www.cafecomcristo.com.br\/site\/wp-content\/uploads\/2019\/06\/axeccccm9.jpg'><img width=\"300\" height=\"300\" src=\"https:\/\/www.cafecomcristo.com.br\/site\/wp-content\/uploads\/2019\/06\/axeccccm9-300x300.jpg\" class=\"attachment-woocommerce_thumbnail size-woocommerce_thumbnail\" alt=\"\" loading=\"lazy\" srcset=\"https:\/\/www.cafecomcristo.com.br\/site\/wp-content\/uploads\/2019\/06\/axeccccm9-300x300.jpg 300w, https:\/\/www.cafecomcristo.com.br\/site\/wp-content\/uploads\/2019\/06\/axeccccm9-150x150.jpg 150w, https:\/\/www.cafecomcristo.com.br\/site\/wp-content\/uploads\/2019\/06\/axeccccm9-100x100.jpg 100w\" sizes=\"(max-width: 300px) 100vw, 300px\" \/><\/a>\n\t\t\t<\/div><\/figure><figure class='gallery-item'>\n\t\t\t<div class='gallery-icon landscape'>\n\t\t\t\t<a data-elementor-open-lightbox=\"yes\" data-elementor-lightbox-slideshow=\"9a7e52f\" data-elementor-lightbox-title=\"axeccccm4\" href='https:\/\/www.cafecomcristo.com.br\/site\/wp-content\/uploads\/2019\/06\/axeccccm4.jpg'><img width=\"300\" height=\"300\" src=\"https:\/\/www.cafecomcristo.com.br\/site\/wp-content\/uploads\/2019\/06\/axeccccm4-300x300.jpg\" class=\"attachment-woocommerce_thumbnail size-woocommerce_thumbnail\" alt=\"\" loading=\"lazy\" srcset=\"https:\/\/www.cafecomcristo.com.br\/site\/wp-content\/uploads\/2019\/06\/axeccccm4-300x300.jpg 300w, https:\/\/www.cafecomcristo.com.br\/site\/wp-content\/uploads\/2019\/06\/axeccccm4-150x150.jpg 150w, https:\/\/www.cafecomcristo.com.br\/site\/wp-content\/uploads\/2019\/06\/axeccccm4-100x100.jpg 100w\" sizes=\"(max-width: 300px) 100vw, 300px\" \/><\/a>\n\t\t\t<\/div><\/figure>\n\t\t<\/div>\n\t\t<\/div>\n\t\t\t\t<\/div>\n\t\t\t\t<\/div>\n\t\t\t\t\t\t<\/div>\n\t\t\t\t\t<\/div>\n\t\t<\/div>\n\t\t\t\t\t\t\t\t<\/div>\n\t\t\t\t\t<\/div>\n\t\t<\/section>\n\t\t\t\t<section class=\"elementor-section elementor-top-section elementor-element elementor-element-2d8742e4 elementor-section-boxed elementor-section-height-default elementor-section-height-default\" data-id=\"2d8742e4\" data-element_type=\"section\" data-settings=\"{&quot;background_background&quot;:&quot;classic&quot;}\">\n\t\t\t\t\t\t<div class=\"elementor-container elementor-column-gap-default\">\n\t\t\t\t\t\t\t<div class=\"elementor-row\">\n\t\t\t\t\t<div class=\"elementor-column elementor-col-50 elementor-top-column elementor-element elementor-element-6eab438b\" data-id=\"6eab438b\" data-element_type=\"column\">\n\t\t\t<div class=\"elementor-column-wrap elementor-element-populated\">\n\t\t\t\t\t\t\t<div class=\"elementor-widget-wrap\">\n\t\t\t\t\t\t<div class=\"elementor-element elementor-element-cc0fa65 elementor-widget elementor-widget-heading\" data-id=\"cc0fa65\" data-element_type=\"widget\" data-widget_type=\"heading.default\">\n\t\t\t\t<div class=\"elementor-widget-container\">\n\t\t\t<h3 class=\"elementor-heading-title elementor-size-default\">Informa\u00e7\u00f5es<\/h3>\t\t<\/div>\n\t\t\t\t<\/div>\n\t\t\t\t<div class=\"elementor-element elementor-element-3d41f955 elementor-widget elementor-widget-text-editor\" data-id=\"3d41f955\" data-element_type=\"widget\" data-widget_type=\"text-editor.default\">\n\t\t\t\t<div class=\"elementor-widget-container\">\n\t\t\t\t\t<div class=\"elementor-text-editor elementor-clearfix\"><p style=\"text-align: justify;\">Venham conhecer nossas novas instala\u00e7\u00f5es, mais confort\u00e1veis e funcionais para proporcionar o melhor atendimento aos Acolhidos.<\/p><\/div>\n\t\t\t\t<\/div>\n\t\t\t\t<\/div>\n\t\t\t\t\t\t<\/div>\n\t\t\t\t\t<\/div>\n\t\t<\/div>\n\t\t\t\t<div class=\"elementor-column elementor-col-50 elementor-top-column elementor-element elementor-element-f3e9690\" data-id=\"f3e9690\" data-element_type=\"column\">\n\t\t\t<div class=\"elementor-column-wrap elementor-element-populated\">\n\t\t\t\t\t\t\t<div class=\"elementor-widget-wrap\">\n\t\t\t\t\t\t<div class=\"elementor-element elementor-element-6c671b97 elementor-widget elementor-widget-heading\" data-id=\"6c671b97\" data-element_type=\"widget\" data-widget_type=\"heading.default\">\n\t\t\t\t<div class=\"elementor-widget-container\">\n\t\t\t<h3 class=\"elementor-heading-title elementor-size-default\">Contatos<\/h3>\t\t<\/div>\n\t\t\t\t<\/div>\n\t\t\t\t<div class=\"elementor-element elementor-element-76fc793d elementor-widget elementor-widget-text-editor\" data-id=\"76fc793d\" data-element_type=\"widget\" data-widget_type=\"text-editor.default\">\n\t\t\t\t<div class=\"elementor-widget-container\">\n\t\t\t\t\t<div class=\"elementor-text-editor elementor-clearfix\"><p style=\"text-align: center;\"><i class=\"fa fa-map-marker\"><\/i> Avenida Portugal S\/N, Qd. F, Lt. 03 e 04, Bairro Buriti Sereno<\/p><p style=\"text-align: center;\">Goi\u00e2nia &#8211; GO, CEP-74942-210<\/p><p style=\"text-align: center;\"><i class=\"fa fa-envelope\"><\/i> contato@cafecomcristo.com.br<\/p><\/div>\n\t\t\t\t<\/div>\n\t\t\t\t<\/div>\n\t\t\t\t\t\t<\/div>\n\t\t\t\t\t<\/div>\n\t\t<\/div>\n\t\t\t\t\t\t\t\t<\/div>\n\t\t\t\t\t<\/div>\n\t\t<\/section>\n\t\t\t\t<section class=\"elementor-section elementor-top-section elementor-element elementor-element-2ade464a elementor-section-boxed elementor-section-height-default elementor-section-height-default\" data-id=\"2ade464a\" data-element_type=\"section\" data-settings=\"{&quot;background_background&quot;:&quot;classic&quot;}\">\n\t\t\t\t\t\t<div class=\"elementor-container elementor-column-gap-default\">\n\t\t\t\t\t\t\t<div class=\"elementor-row\">\n\t\t\t\t\t<div class=\"elementor-column elementor-col-100 elementor-top-column elementor-element elementor-element-1cbd0215\" data-id=\"1cbd0215\" data-element_type=\"column\">\n\t\t\t<div class=\"elementor-column-wrap elementor-element-populated\">\n\t\t\t\t\t\t\t<div class=\"elementor-widget-wrap\">\n\t\t\t\t\t\t<div class=\"elementor-element elementor-element-26a58477 elementor-widget elementor-widget-text-editor\" data-id=\"26a58477\" data-element_type=\"widget\" data-widget_type=\"text-editor.default\">\n\t\t\t\t<div class=\"elementor-widget-container\">\n\t\t\t\t\t<div class=\"elementor-text-editor elementor-clearfix\"><p style=\"text-align: center;\">Copyright \u00a9 2019 &#8211; Todos os Direitos Reservados<\/p><\/div>\n\t\t\t\t<\/div>\n\t\t\t\t<\/div>\n\t\t\t\t<div class=\"elementor-element elementor-element-16e9432c elementor-widget elementor-widget-image\" data-id=\"16e9432c\" data-element_type=\"widget\" data-widget_type=\"image.default\">\n\t\t\t\t<div class=\"elementor-widget-container\">\n\t\t\t\t\t<div class=\"elementor-image\">\n\t\t\t\t\t\t\t\t\t\t\t<a href=\"http:\/\/www.logicsite.com.br\" target=\"_blank\">\n\t\t\t\t\t\t\t<img width=\"151\" height=\"32\" src=\"https:\/\/www.cafecomcristo.com.br\/site\/wp-content\/uploads\/2018\/09\/criacao-logicsite.png\" class=\"attachment-large size-large\" alt=\"\" loading=\"lazy\" srcset=\"https:\/\/www.cafecomcristo.com.br\/site\/wp-content\/uploads\/2018\/09\/criacao-logicsite.png 151w, https:\/\/www.cafecomcristo.com.br\/site\/wp-content\/uploads\/2018\/09\/criacao-logicsite-150x32.png 150w\" sizes=\"(max-width: 151px) 100vw, 151px\" \/>\t\t\t\t\t\t\t\t<\/a>\n\t\t\t\t\t\t\t\t\t\t\t<\/div>\n\t\t\t\t<\/div>\n\t\t\t\t<\/div>\n\t\t\t\t\t\t<\/div>\n\t\t\t\t\t<\/div>\n\t\t<\/div>\n\t\t\t\t\t\t\t\t<\/div>\n\t\t\t\t\t<\/div>\n\t\t<\/section>\n\t\t\t\t\t\t<\/div>\n\t\t\t\t\t\t<\/div>\n\t\t\t\t\t<\/div>\n\t\t","protected":false},"excerpt":{"rendered":"<p>Comunidade Terap\u00eautica (62) 3588-7111 \/ (62) 99154-4349 Claro \/ (62) 98597-8757 Oi Facebook Instagram In\u00edcio Quem Somos Tratamento Galeria de Fotos Comunidade Terap\u00eautica Localiza\u00e7\u00e3o Contato TRATAMENTO O programa de tratamento da Comunidade terap\u00eautica Caf\u00e9 com Cristo, contra a depend\u00eancia qu\u00edmica, conta com profissionais especializados, com conhecimentos na Depend\u00eancia Qu\u00edmica de uma CT para direcionar o &#8230; <a title=\"Tratamento\" class=\"read-more\" href=\"https:\/\/www.cafecomcristo.com.br\/site\/tratamento\/\">Ler mais<span class=\"screen-reader-text\">Tratamento<\/span><\/a><\/p>\n","protected":false},"author":1,"featured_media":0,"parent":0,"menu_order":0,"comment_status":"closed","ping_status":"closed","template":"elementor_canvas","meta":[],"_links":{"self":[{"href":"https:\/\/www.cafecomcristo.com.br\/site\/wp-json\/wp\/v2\/pages\/429"}],"collection":[{"href":"https:\/\/www.cafecomcristo.com.br\/site\/wp-json\/wp\/v2\/pages"}],"about":[{"href":"https:\/\/www.cafecomcristo.com.br\/site\/wp-json\/wp\/v2\/types\/page"}],"author":[{"embeddable":true,"href":"https:\/\/www.cafecomcristo.com.br\/site\/wp-json\/wp\/v2\/users\/1"}],"replies":[{"embeddable":true,"href":"https:\/\/www.cafecomcristo.com.br\/site\/wp-json\/wp\/v2\/comments?post=429"}],"version-history":[{"count":22,"href":"https:\/\/www.cafecomcristo.com.br\/site\/wp-json\/wp\/v2\/pages\/429\/revisions"}],"predecessor-version":[{"id":697,"href":"https:\/\/www.cafecomcristo.com.br\/site\/wp-json\/wp\/v2\/pages\/429\/revisions\/697"}],"wp:attachment":[{"href":"https:\/\/www.cafecomcristo.com.br\/site\/wp-json\/wp\/v2\/media?parent=429"}],"curies":[{"name":"wp","href":"https:\/\/api.w.org\/{rel}","templated":true}]}}